{"id":3840,"date":"2023-05-31T08:33:47","date_gmt":"2023-05-31T13:33:47","guid":{"rendered":"https:\/\/institutoasteco.com\/asteco\/?page_id=3840"},"modified":"2023-05-31T08:34:04","modified_gmt":"2023-05-31T13:34:04","slug":"politica-de-tratamiento-de-datos","status":"publish","type":"page","link":"https:\/\/institutoasteco.com\/asteco\/politica-de-tratamiento-de-datos\/","title":{"rendered":"Pol\u00edtica de tratamiento de datos"},"content":{"rendered":"\t\t<div data-elementor-type=\"wp-page\" data-elementor-id=\"3840\" class=\"elementor elementor-3840\">\n\t\t\t\t\t\t<section class=\"has_eae_slider elementor-section elementor-top-section elementor-element elementor-element-a3f9dcc elementor-section-boxed elementor-section-height-default elementor-section-height-default\" data-id=\"a3f9dcc\" data-element_type=\"section\">\n\t\t\t\t\t\t<div class=\"elementor-container elementor-column-gap-default\">\n\t\t\t\t\t<div class=\"has_eae_slider elementor-column elementor-col-100 elementor-top-column elementor-element elementor-element-b389b98\" data-id=\"b389b98\" data-element_type=\"column\">\n\t\t\t<div class=\"elementor-widget-wrap elementor-element-populated\">\n\t\t\t\t\t\t<div class=\"elementor-element elementor-element-de4eede elementor-widget elementor-widget-heading\" data-id=\"de4eede\" data-element_type=\"widget\" data-widget_type=\"heading.default\">\n\t\t\t\t<div class=\"elementor-widget-container\">\n\t\t\t\t\t<h2 class=\"elementor-heading-title elementor-size-default\">Pol\u00edtica de tratamiento de datos<\/h2>\t\t\t\t<\/div>\n\t\t\t\t<\/div>\n\t\t\t\t\t<\/div>\n\t\t<\/div>\n\t\t\t\t\t<\/div>\n\t\t<\/section>\n\t\t\t\t<section class=\"has_eae_slider elementor-section elementor-top-section elementor-element elementor-element-7fd970a elementor-section-boxed elementor-section-height-default elementor-section-height-default\" data-id=\"7fd970a\" data-element_type=\"section\">\n\t\t\t\t\t\t<div class=\"elementor-container elementor-column-gap-default\">\n\t\t\t\t\t<div class=\"has_eae_slider elementor-column elementor-col-100 elementor-top-column elementor-element elementor-element-25d62ed\" data-id=\"25d62ed\" data-element_type=\"column\">\n\t\t\t<div class=\"elementor-widget-wrap elementor-element-populated\">\n\t\t\t\t\t\t<div class=\"elementor-element elementor-element-1da21fe elementor-widget elementor-widget-text-editor\" data-id=\"1da21fe\" data-element_type=\"widget\" data-widget_type=\"text-editor.default\">\n\t\t\t\t<div class=\"elementor-widget-container\">\n\t\t\t\t\t\t\t\t\t<p>GENERALIDADES<\/p>\n<p>La presente pol\u00edtica se expide de conformidad con la entrada en vigencia de la ley Estatutaria 1581 de 2012, Por la cual se dictan disposiciones generales para la protecci\u00f3n de datos personales y desarrollar el derecho constitucional que tienen todas las personas a conocer, actualizar y rectificar las informaciones que se hayan recogido sobre ellas en bases de datos o archivos as\u00ed como el derecho a la informaci\u00f3n, por tanto, ASTECO S.A. teniendo en cuenta su condici\u00f3n de responsable del tratamiento de los datos personales formula la presente pol\u00edtica para garantizar el adecuado cumplimiento de la ley y en especial para asegurar el efectivo ejercicio de los derechos de los titulares.<\/p>\n<p>En virtud de lo anterior, toda la informaci\u00f3n recibida por ASTECO S.A. a trav\u00e9s de sus diferentes canales de comunicaci\u00f3n, medios digitales o impresos y que conforman nuestras bases de datos, obtenidos de clientes, proveedores, empleados o contratistas y dem\u00e1s titulares de informaci\u00f3n se rige por las siguientes pol\u00edticas, la cual se tiene acceso a trav\u00e9s de nuestro sitio web www.asteco.com.co<\/p>\n<p>OBJETIVO<\/p>\n<p>Con la implementaci\u00f3n de esta pol\u00edtica, se pretende garantizar la reserva de la informaci\u00f3n y la seguridad sobre el tratamiento que se le dar\u00e1 a la misma a todos los clientes, proveedores, empleados y terceros de quienes ASTECO S.A. ha obtenido legalmente informaci\u00f3n y datos personales conforme a lo dictado por la ley regulatoria del derecho al Habeas Data reglamentado por la ley 1581 de 2012.<\/p>\n<p>DEFINICIONES:<\/p>\n<p>De conformidad con la legislaci\u00f3n vigente sobre la materia, se establecen las siguientes definiciones:<\/p>\n<p>\uf0b7 AUTORIZACI\u00d3N: Consentimiento previo, expreso e informado del titular para llevar a cabo el tratamiento de datos personales<\/p>\n<p>\uf0b7 BASE DE DATOS: Conjunto organizado de datos personales que sea objeto de tratamiento<\/p>\n<p>\uf0b7 DATO PERSONAL: Cualquier informaci\u00f3n vinculada o que pueda asociarse a una o varias personas naturales determinadas o determinables<\/p>\n<p>\uf0b7 ENCARGADO DEL TRATAMIENTO: Persona natural o jur\u00eddica, p\u00fablica o privada, que por s\u00ed misma o en asocio con otros, realice el tratamiento de datos personales por cuenta del responsable del tratamiento.<\/p>\n<p>\uf0b7 RESPONSABLE DEL TRATAMIENTO: Persona natural o jur\u00eddica, p\u00fablica o privada, que por s\u00ed misma o en asocio con otros, decida sobre la base de datos y\/o tratamiento de los datos<\/p>\n<p>\uf0b7 TITULAR: Persona natural cuyos datos personales sean objeto de tratamiento<\/p>\n<p>\uf0b7 TRATAMIENTO: cualquier operaci\u00f3n o conjunto de operaciones sobre datos personales, tales como la recolecci\u00f3n, almacenamiento, uso, circulaci\u00f3n o supresi\u00f3n<\/p>\n<p>RESPONSABLE DEL TRATAMIENTO DE LOS DATOS<\/p>\n<p>Raz\u00f3n social: ASOCIACION TECNICA COMERCIAL E INDUSTRIAL S.A. \u201cASTECO S.A.\u201d<\/p>\n<p>NIT: 890.900.240-2<\/p>\n<p>Direcci\u00f3n: Carrera 54 35-12<\/p>\n<p>Ciudad: Medell\u00edn \u2013 Antioquia<\/p>\n<p>Correo Electr\u00f3nico: servicioalcliente@asteco.com.co<\/p>\n<p>Tel\u00e9fono: (57-4) 444 01 22<\/p>\n<p>Portal Web: www.asteco.com.co<\/p>\n<p>Persona o dependencia responsable de la atenci\u00f3n de peticiones, consultas y reclamos: Gerencia General, Coordinaci\u00f3n Administrativa<\/p>\n<p>FINALIDAD EN LA CAPTURA, USO Y TRATAMIENTO DE DATOS PERSONALES<\/p>\n<p>ASTECO S.A. en desarrollo de su objeto social y sus relaciones con terceros, enti\u00e9ndase por estos clientes y posibles clientes, empleados y sus familiares, contratistas, proveedores, cualquiera de ellos sean activos o inactivos, participantes de los procesos de selecci\u00f3n de personal, recopila y da tratamiento constantemente a datos personales para llevar a cabo diversas finalidades y usos.<\/p>\n<p>El tratamiento de datos incluye:<\/p>\n<p>1. la recolecci\u00f3n, almacenamiento, administraci\u00f3n, utilizaci\u00f3n, transferencia o transmisi\u00f3n (seg\u00fan corresponda), en la forma permitida por la ley y se realiza con la siguiente finalidad:<\/p>\n<p>1.1. Datos personales de empleados(activos o inactivos): se realiza para cumplir con:<\/p>\n<p>1.1.1. las obligaciones laborales tales como: Pagos de n\u00f3mina, pagos y reportes al sistema de seguridad social y pago de parafiscales, afiliaci\u00f3n a caja de compensaci\u00f3n<\/p>\n<p>1.1.2. Atenci\u00f3n de consultas, peticiones, solicitudes, acciones y reclamos, hechas por el titular de la informaci\u00f3n o por la entidades del sistema general de seguridad social a los que el titular este o hubiese estado vinculado.<\/p>\n<p>1.1.3. Obligaciones contractuales contra\u00eddas con los clientes con ocasi\u00f3n de la ejecuci\u00f3n de proyectos<\/p>\n<p>1.1.4. Las condiciones o exigencias de los concursos p\u00fablicos o privados, presentaci\u00f3n de propuestas, y en general, a la inscripci\u00f3n o participaci\u00f3n en cualquier proceso de selecci\u00f3n de contrataci\u00f3n p\u00fablico o privado<\/p>\n<p>1.2. Datos personales de familiares de empleados(activos o inactivos): se realiza para cumplir con:<\/p>\n<p>1.2.1. Las obligaciones nacidas con ocasi\u00f3n de afiliaci\u00f3n a la caja de compensaci\u00f3n familiar<\/p>\n<p>1.2.2. Cotizaciones al sistema general de seguridad social<\/p>\n<p>1.2.3. Atenci\u00f3n de consultas, peticiones, solicitudes, acciones y reclamos, hechas por el titular de la informaci\u00f3n o por la entidades del sistema general de seguridad social a los que el titular este o hubiese estado vinculado.<\/p>\n<p>1.3. Datos personales de contratistas, subcontratistas y proveedores:<\/p>\n<p>1.3.1. Permite el cumplimiento de las obligaciones contractuales a cago de ASTECO S.A. tales como: pago de honorarios, reportes de pago<\/p>\n<p>1.3.2. Control de materiales, equipos, elementos tecnol\u00f3gicos<\/p>\n<p>1.3.3. Atenci\u00f3n de eventuales emergencias<\/p>\n<p>1.3.4. Inscripci\u00f3n y participaci\u00f3n en proyectos<\/p>\n<p>1.3.5. Atenci\u00f3n de consultas, peticiones, solicitudes, acciones y reclamos, hechas por el titular de la informaci\u00f3n o por sus legitimarios<\/p>\n<p>1.4. Datos personales de clientes:<\/p>\n<p>1.4.1. Creaci\u00f3n y conservaci\u00f3n de documentos legalmente exigidos por las normas contables<\/p>\n<p>1.4.2. Reportes de pago<\/p>\n<p>1.4.3. Tratamiento de sus datos personales en nuestras actividades de mercadeo con la ayuda de sistema CRM<\/p>\n<p>1.4.4. Enviar cartas, publicidad, reconocimientos, Invitaciones a capacitaciones y comunicaciones en general<\/p>\n<p>1.4.5. Realizaci\u00f3n de encuestas de satisfacci\u00f3n y mejoramiento continuo<\/p>\n<p>1.4.6. Creaci\u00f3n de certificados pertenecientes a cursos o capacitaciones brindados por personal de la compa\u00f1\u00eda<\/p>\n<p>1.4.7. Atenci\u00f3n de consultas, peticiones, solicitudes, acciones y reclamos, hechas por el titular de la informaci\u00f3n o por sus legitimarios<\/p>\n<p>1.5. Datos personales de participantes de los procesos de selecci\u00f3n:<\/p>\n<p>1.6. Tiene como finalidad cumplir con el proceso de selecci\u00f3n de personal para la empresa, y de ser procedente, con el proceso de vinculaci\u00f3n<\/p>\n<p>2. Clasificar , ordenar, separar la informaci\u00f3n suministrada por el titular de los datos<\/p>\n<p>3. Efectuar investigaciones, comparar, verificar y validar los datos que obtenga en debida forma con centrales de riesgo crediticio.<\/p>\n<p>DERECHOS DE LOS TITULARES<\/p>\n<p>Los titulares de los datos personales tienen los siguientes derechos:<\/p>\n<p>1. Derecho a conocer, actualizar, rectificar, suprimir y consultar sus datos personales frente a los responsables del tratamiento o encargados del tratamiento respecto a los datos que considere parciales, inexactos, incompletos, fraccionados y aquellos que induzcan error, radicando una comunicaci\u00f3n a trav\u00e9s del correo electr\u00f3nico servicioalcliente@asteco.com.co o la direcci\u00f3n Carrera 54 35-12 Medell\u00edn-Antioquia<\/p>\n<p>2. Derecho a solicitar prueba de autorizaci\u00f3n otorgada a ASTECO S.A.<\/p>\n<p>3. Derecho a ser informado por ASTECO S.A. previa solicitud, respecto del uso que le ha dado a sus datos personales<\/p>\n<p>4. Derecho de presentar ante la superintendencia de industria y comercio las quejas por infracciones a lo dispuesto en la presente ley y dem\u00e1s normas que la modifiquen, adicionen o complementen<\/p>\n<p>5. Derecho a revocar la autorizaci\u00f3n y\/o solicitar la supresi\u00f3n de alg\u00fan datos cuando considere que ASTECO S.A. no ha respetado sus derechos y garant\u00edas constitucionales<\/p>\n<p>6. Derecho de acceder de forma gratuita a sus datos personales que hayan sido objeto de tratamiento<\/p>\n<p>7. Derecho de otorgar o no autorizaci\u00f3n sobre la recolecci\u00f3n de datos de car\u00e1cter sensible<\/p>\n<p>DEBERES DE LOS USUARIOS<\/p>\n<p>Los usuarios deber\u00e1n mantener actualizada su informaci\u00f3n y garantizar, en todo momento, la veracidad de la misma. ASTECO S.A. no se har\u00e1 responsable, en ning\u00fan caso, por cualquier tipo de responsabilidad derivada por la inexactitud de la informaci\u00f3n entregada.<\/p>\n<p>DEBERES QUE TIENE ASTECO S.A. RESPECTO A LOS TITULARES DE LOS DATOS<\/p>\n<p>1. Dentro de los procesos de recolecci\u00f3n de datos personales, ASTECO S.A. le har\u00e1 saber de manera previa o al momento de solicitarle su autorizaci\u00f3n, sobre las condiciones para el manejo de sus datos en cada caso, inform\u00e1ndole igualmente, la identificaci\u00f3n, direcci\u00f3n f\u00edsica y la direcci\u00f3n electr\u00f3nica y\/o tel\u00e9fono del responsable del manejo de la informaci\u00f3n.<\/p>\n<p>2. La compa\u00f1\u00eda debe informar a los titulares de los datos para cada caso, el car\u00e1cter facultativo de responder y otorgar la respectiva informaci\u00f3n solicitada.<\/p>\n<p>3. ASTECO S.A. tambi\u00e9n informar\u00e1 de manera clara y expresa, previa o en el momento de la obtenci\u00f3n de la autorizaci\u00f3n para el manejo de sus datos personales, si se trata de informaci\u00f3n catalogada como \u201csensible\u201d seg\u00fan la ley. En tal caso, se le informar\u00e1 que no est\u00e1 obligado a suministrar datos sensibles, salvo que estos sean indispensables para el tratamiento para el cual se pretende da la autorizaci\u00f3n.<\/p>\n<p>4. Cuando se realice el tratamiento de datos de ni\u00f1os, ni\u00f1as y adolescentes, prevalecer\u00e1 el respeto por los derechos que a ellos atribuya la constituci\u00f3n pol\u00edtica y la ley, antes que cualquier otro fin.<\/p>\n<p>PROCEDIMIETO PARA EL EJERCICIO DE DERECHOS POR PARTE DE LOS TITULARES<\/p>\n<p>Los titulares de datos personales deben dirigir sus consultas peticiones o reclamos al correo servicioalcliente@asteco.com.co la direcci\u00f3n Carrera 54 35-12 Medell\u00edn-Antioquia<\/p>\n<p>\uf0b7 Consultas: los titulares podr\u00e1n consultar la informaci\u00f3n personal que repose en cualquier base de datos de ASTECO S.A identific\u00e1ndose previamente como titular de la informaci\u00f3n<\/p>\n<p>ASTECO S.A debe atender las consultas en un t\u00e9rmino de diez (10) d\u00edas h\u00e1biles contados a partir de la fecha que se recibi\u00f3 la misma. Cuando no fuese posible cumplir con este tiempo, se deber\u00e1 informar al interesado expresando los motivos del retardo y la fecha en que se atender\u00e1 la consulta a un t\u00e9rmino no mayo a cinco (5) d\u00edas.<\/p>\n<p>\uf0b7 Reclamos: el titular o causahabiente que consideren que la informaci\u00f3n contenida en una base de datos debe ser objeto de correcci\u00f3n, actualizaci\u00f3n o supresi\u00f3n, o cuando advierta el presunto incumplimiento de cualquiera de los deberes contenidos en la ley o en la presente pol\u00edtica, podr\u00e1 presentar un reclamo a ASTECO S.A en cual ser\u00e1 tramitado bajo las siguientes reglas:<\/p>\n<p>o El reclamo se formular\u00e1 mediante solicitud dirigida al responsable del tratamiento o al encargado del tratamiento, al correo servicioalcliente@asteco.com.co con la identificaci\u00f3n del titular, la descripci\u00f3n de los hechos que dan lugar al reclamo, la direcci\u00f3n y acompa\u00f1ando los documentos que se quiera hacer valer. Si el reclamo resulta incompleto, ASTECO S.A requerir\u00e1 al interesado dentro de los cinco (5) d\u00edas siguientes a la recepci\u00f3n del mismo para que subsane las fallas. Transcurridos dos (2) meses desde la fecha del requerimiento, sin que el solicitante presente la informaci\u00f3n requerida, se entender\u00e1 que ha desistido del reclamo<\/p>\n<p>o El t\u00e9rmino m\u00e1ximo para atender el reclamo ser\u00e1 de (15) d\u00edas h\u00e1biles contados a partir del d\u00eda siguiente a la fecha de su recibo. Cuando no fuere posible atender el reclamo dentro de dicho termino, se informar\u00e1 al interesado los motivos de la demora y la fecha en que\u00a0se atender\u00e1 su reclamo, la cual en ning\u00fan caso podr\u00e1 superar los ocho (8) d\u00edas h\u00e1biles siguientes al vencimiento del primer t\u00e9rmino.<\/p>\n<p>o El titular o causahabiente podr\u00e1 elevar queja ante la superintendencia de industria y comercio, una vez haya agotado el tr\u00e1mite de consulta o reclamo ante el responsable del tratamiento o encargado del tratamiento.<\/p>\n<p>\uf0b7 Revocatoria de la autorizaci\u00f3n y\/o supresi\u00f3n del dato: Los titulares podr\u00e1n en todo momento solicitar a ASTECO S.A. la supresi\u00f3n de sus datos personales y\/o revocar la autorizaci\u00f3n otorgada para el tratamiento de los mismos, mediante la presentaci\u00f3n de un reclamo, de acuerdo con lo establecido en el art\u00edculo 15 de la ley 1581 de 2012, decreto 1377 de 2013 y el procedimiento indicado en esta pol\u00edtica.<\/p>\n<p>Si vencido el t\u00e9rmino legal respectivo, ASTECO S.A no hubiere eliminado los datos personales, el titular tendr\u00e1 derecho a solicitar a la superintendencia de industria y comercio que ordene la revocatoria de la autorizaci\u00f3n y\/o la supresi\u00f3n de los datos personales.<\/p>\n<p>No obstante lo anterior, los datos personales deber\u00e1n ser conservados cuando as\u00ed se requiera para el cumplimiento de una obligaci\u00f3n legal o contractual.<\/p>\n<p>CONTACTO<\/p>\n<p>Para cualquier informaci\u00f3n relativa a esta pol\u00edtica de protecci\u00f3n de datos, puede acercarse o enviar comunicaci\u00f3n a ASTECO S.A. correo electr\u00f3nico: servicioalcliente@asteco.com.co<\/p>\n<p>VIGENCIA DE LA POLITICA<\/p>\n<p>La presente pol\u00edtica entrar\u00e1 en vigencia a partir de su expedici\u00f3n y podr\u00e1 ser modificada en cualquier momento y de forma unilateral por parte de ASTECO S.A. por lo que aconsejamos a los usuarios visitarla peri\u00f3dicamente<\/p>\n<p>\u00a0<\/p>\n<p>\u00a0<\/p>\t\t\t\t\t\t\t\t<\/div>\n\t\t\t\t<\/div>\n\t\t\t\t\t<\/div>\n\t\t<\/div>\n\t\t\t\t\t<\/div>\n\t\t<\/section>\n\t\t\t\t<\/div>\n\t\t","protected":false},"excerpt":{"rendered":"<p>Pol\u00edtica de tratamiento de datos GENERALIDADES La presente pol\u00edtica se expide de conformidad con la entrada en vigencia de la ley Estatutaria 1581 de 2012, Por la cual se dictan disposiciones generales para la protecci\u00f3n de datos personales y desarrollar el derecho constitucional que tienen todas las personas a conocer, actualizar y rectificar las informaciones<\/p>\n","protected":false},"author":1003,"featured_media":0,"parent":0,"menu_order":0,"comment_status":"closed","ping_status":"closed","template":"","meta":{"_eb_attr":"","om_disable_all_campaigns":false,"_monsterinsights_skip_tracking":false,"_monsterinsights_sitenote_active":false,"_monsterinsights_sitenote_note":"","_monsterinsights_sitenote_category":0,"footnotes":""},"class_list":["post-3840","page","type-page","status-publish","hentry"],"aioseo_notices":[],"_links":{"self":[{"href":"https:\/\/institutoasteco.com\/asteco\/wp-json\/wp\/v2\/pages\/3840","targetHints":{"allow":["GET"]}}],"collection":[{"href":"https:\/\/institutoasteco.com\/asteco\/wp-json\/wp\/v2\/pages"}],"about":[{"href":"https:\/\/institutoasteco.com\/asteco\/wp-json\/wp\/v2\/types\/page"}],"author":[{"embeddable":true,"href":"https:\/\/institutoasteco.com\/asteco\/wp-json\/wp\/v2\/users\/1003"}],"replies":[{"embeddable":true,"href":"https:\/\/institutoasteco.com\/asteco\/wp-json\/wp\/v2\/comments?post=3840"}],"version-history":[{"count":5,"href":"https:\/\/institutoasteco.com\/asteco\/wp-json\/wp\/v2\/pages\/3840\/revisions"}],"predecessor-version":[{"id":3845,"href":"https:\/\/institutoasteco.com\/asteco\/wp-json\/wp\/v2\/pages\/3840\/revisions\/3845"}],"wp:attachment":[{"href":"https:\/\/institutoasteco.com\/asteco\/wp-json\/wp\/v2\/media?parent=3840"}],"curies":[{"name":"wp","href":"https:\/\/api.w.org\/{rel}","templated":true}]}}