{"id":35,"date":"2016-05-16T15:38:03","date_gmt":"2016-05-16T15:38:03","guid":{"rendered":"http:\/\/institutoasteco.com\/asteco\/?page_id=35"},"modified":"2024-06-28T12:03:27","modified_gmt":"2024-06-28T17:03:27","slug":"cursos-virtuales","status":"publish","type":"page","link":"https:\/\/institutoasteco.com\/asteco\/cursos-virtuales\/","title":{"rendered":"Cursos Virtuales"},"content":{"rendered":"\t\t<div data-elementor-type=\"wp-post\" data-elementor-id=\"35\" class=\"elementor elementor-35\">\n\t\t\t\t\t\t<section class=\"has_eae_slider elementor-section elementor-top-section elementor-element elementor-element-0c3099e elementor-section-boxed elementor-section-height-default elementor-section-height-default\" data-id=\"0c3099e\" data-element_type=\"section\">\n\t\t\t\t\t\t<div class=\"elementor-container elementor-column-gap-default\">\n\t\t\t\t\t<div class=\"has_eae_slider elementor-column elementor-col-100 elementor-top-column elementor-element elementor-element-258455f\" data-id=\"258455f\" data-element_type=\"column\">\n\t\t\t<div class=\"elementor-widget-wrap\">\n\t\t\t\t\t\t\t<\/div>\n\t\t<\/div>\n\t\t\t\t\t<\/div>\n\t\t<\/section>\n\t\t\t\t<section class=\"has_eae_slider elementor-section elementor-top-section elementor-element elementor-element-132eaccb elementor-section-boxed elementor-section-height-default elementor-section-height-default\" data-id=\"132eaccb\" data-element_type=\"section\">\n\t\t\t\t\t\t<div class=\"elementor-container elementor-column-gap-default\">\n\t\t\t\t\t<div class=\"has_eae_slider elementor-column elementor-col-100 elementor-top-column elementor-element elementor-element-21aefaae\" data-id=\"21aefaae\" data-element_type=\"column\">\n\t\t\t<div class=\"elementor-widget-wrap elementor-element-populated\">\n\t\t\t\t\t\t<div class=\"elementor-element elementor-element-71433d84 elementor-widget elementor-widget-text-editor\" data-id=\"71433d84\" data-element_type=\"widget\" data-widget_type=\"text-editor.default\">\n\t\t\t\t<div class=\"elementor-widget-container\">\n\t\t\t\t\t\t\t\t\t<div id=\"cursos\">\n<div class=\"botones\"><a class=\"hvr-grow\" href=\"http:\/\/institutoasteco.com\/disponibles\/Curso-1-soldabilidad-aceros-disimiles\/\" target=\"_blank\" rel=\"noopener\">1-Soldabilidad de aceros dis\u00edmiles <i class=\"fa fa-cog fa-5x\"><\/i><\/a><\/div>\n<div class=\"botones\"><a class=\"hvr-grow\"  target=\"_blank\" rel=\"noopener\">2-M\u00f3dulo en Construcci\u00f3n <i class=\"fa fa-cog fa-5x\"><\/i><\/a><\/div>\n<div class=\"botones\"><a class=\"hvr-grow\" href=\"http:\/\/institutoasteco.com\/disponibles\/Curso-3-seleccion-de-aceros\/\" target=\"_blank\" rel=\"noopener\">3-Selecci\u00f3n de acero para herramientas <i class=\"fa fa-cog fa-5x\"><\/i><\/a><\/div>\n<div class=\"botones\"><a class=\"hvr-grow\" href=\"http:\/\/institutoasteco.com\/disponibles\/Curso-4-Acero-de-alto\/\" target=\"_blank\" rel=\"noopener\">4-Acero de alto desempe\u00f1o <i class=\"fa fa-cog fa-5x\"><\/i><\/a><\/div>\n<div class=\"botones\"><\/div>\n<div class=\"botones\"><a class=\"hvr-grow\" href=\"http:\/\/institutoasteco.com\/disponibles\/Curso-5-funciones-de-hierro\/\" target=\"_blank\" rel=\"noopener\">5-Fundiciones de hierro y su soldabilidad <i class=\"fa fa-cog fa-5x\"><\/i><\/a><\/div>\n<div class=\"botones\"><a class=\"hvr-grow\" href=\"http:\/\/institutoasteco.com\/disponibles\/Curso-6-factores-fundamentales\/\" target=\"_blank\" rel=\"noopener\">6-Factores fundamentales del corte de metal <i class=\"fa fa-cog fa-5x\"><\/i><\/a><\/div>\n<div class=\"botones\"><a class=\"hvr-grow\" href=\"http:\/\/institutoasteco.com\/disponibles\/Curso-7-Tratamientos-termicos\/\" target=\"_blank\" rel=\"noopener\">7-Tratamiento t\u00e9rmico <i class=\"fa fa-cog fa-5x\"><\/i><\/a><\/div>\n<div class=\"botones\"><a class=\"hvr-grow\" href=\"http:\/\/institutoasteco.com\/disponibles\/Curso-8-Soldabilidad-de-los-aceros-inoxidables\/\" target=\"_blank\" rel=\"noopener\">8-Soldabilidad de los aceros inoxidables <i class=\"fa fa-cog fa-5x\"><\/i><\/a><\/div>\n<div class=\"botones\"><\/div>\n<div class=\"botones\"><a class=\"hvr-grow\" href=\"http:\/\/institutoasteco.com\/disponibles\/Curso-9-nanotecnologia\/\" target=\"_blank\" rel=\"noopener\">9-Nanotecnolog\u00eda y soldadura <i class=\"fa fa-cog fa-5x\"><\/i><\/a><\/div>\n<div class=\"botones\"><a class=\"hvr-grow\" href=\"http:\/\/institutoasteco.com\/disponibles\/Curso-10-termorociado\/\" target=\"_blank\" rel=\"noopener\">10-Termorociado <i class=\"fa fa-cog fa-5x\"><\/i><\/a><\/div>\n<div class=\"botones\"><a class=\"hvr-grow\" href=\"http:\/\/institutoasteco.com\/disponibles\/Curso-11-herramientas-rotativas\/\" target=\"_blank\" rel=\"noopener\">11-Herramientas rotativa <i class=\"fa fa-cog fa-5x\"><\/i><\/a><\/div>\n<div class=\"botones\"><a class=\"hvr-grow\" href=\"http:\/\/institutoasteco.com\/disponibles\/Curso-12-fenomenos-desgaste\/\" target=\"_blank\" rel=\"noopener\">12-Fen\u00f3menos de desgastes y recubrimientos protectores <i class=\"fa fa-cog fa-5x\"><\/i><\/a><\/div>\n<div class=\"botones\"><\/div>\n<div class=\"botones\"><a class=\"hvr-grow\" href=\"http:\/\/institutoasteco.com\/disponibles\/Curso-13-soldadura-aluminio\/\" target=\"_blank\" rel=\"noopener\">13-Soldadura de aluminio <i class=\"fa fa-cog fa-5x\"><\/i><\/a><\/div>\n<div class=\"botones\"><a class=\"hvr-grow\" href=\"http:\/\/institutoasteco.com\/disponibles\/Curso-14-Seguridad-industrial\/\" target=\"_blank\" rel=\"noopener\">14-Seguridad industrial en procesos de soldadura <i class=\"fa fa-cog fa-5x\"><\/i><\/a><\/div>\n<div class=\"botones\"><a class=\"hvr-grow\" href=\"http:\/\/institutoasteco.com\/disponibles\/Curso-15-conceptos-tecnicos-torneado-tronzado-roscado\" target=\"_blank\" rel=\"noopener\">15-Conceptos t\u00e9cnicos en torneado, tronzado y roscado <i class=\"fa fa-cog fa-5x\"><\/i><\/a><\/div>\n<div class=\"botones\"><a class=\"hvr-grow\" href=\"http:\/\/institutoasteco.com\/disponibles\/Curso-16-seleccion-de-aceros-para-moldes\/\" target=\"_blank\" rel=\"noopener\">16-Selecci\u00f3n de aceros para moldes <i class=\"fa fa-cog fa-5x\"><\/i><\/a><\/div>\n<div class=\"botones\"><\/div>\n<div class=\"botones\"><a class=\"hvr-grow\" href=\"http:\/\/institutoasteco.com\/disponibles\/Curso-17-generalidades-procesos-soldaduras\/\" target=\"_blank\" rel=\"noopener\">17-Generalidades de los procesos de soldadura <i class=\"fa fa-cog fa-5x\"><\/i><\/a><\/div>\n<div class=\"botones\"><a class=\"hvr-grow\" href=\"http:\/\/institutoasteco.com\/disponibles\/Curso-18-analisis-falla\/\" target=\"_blank\" rel=\"noopener\">18-An\u00e1lisis de falla <i class=\"fa fa-cog fa-5x\"><\/i><\/a><\/div>\n<\/div>\t\t\t\t\t\t\t\t<\/div>\n\t\t\t\t<\/div>\n\t\t\t\t<div class=\"elementor-element elementor-element-f1cff1a elementor-widget elementor-widget-text-editor\" data-id=\"f1cff1a\" data-element_type=\"widget\" data-widget_type=\"text-editor.default\">\n\t\t\t\t<div class=\"elementor-widget-container\">\n\t\t\t\t\t\t\t\t\t<p>En el Instituto Asteco estamos en continua evoluci\u00f3n para ofrecerte la mejor y m\u00e1s oportuna informaci\u00f3n. A trav\u00e9s de nuestra comunicaci\u00f3n queremos hacerte part\u00edcipe de ello, pues sabemos lo importante que es para ti estar actualizado.<\/p><p>El Instituto Asteco, considerado como responsable y\/o encargado de datos personales informa que: El Instituto Asteco cuenta con una base de datos, con informaci\u00f3n previamente suministrada por usted, la cual ha sido recolectada para temas comerciales de mercadeo, prestaci\u00f3n de servicio o cualquier fin necesario para el desarrollo de nuestro objeto social y correcta atenci\u00f3n.<\/p><p>Con ocasi\u00f3n de la entrada en vigencia de la Ley Estatutaria 1581 de 2012, \u201cPor la cual se dictan las disposiciones generales para la protecci\u00f3n de datos personales\u201d, requerimos autorizaci\u00f3n para el tratamiento de sus datos personales, seg\u00fan lo dispone el art\u00edculo 9 de la mencionada ley, los cuales ser\u00e1n incorporados a una base de datos de la que es responsable el Instituto Asteco, quien respeta la confidencialidad y su derecho al habeas data para conocer, actualizar, rectificar y revocar la informaci\u00f3n de sus datos personales.<\/p>\t\t\t\t\t\t\t\t<\/div>\n\t\t\t\t<\/div>\n\t\t\t\t\t<\/div>\n\t\t<\/div>\n\t\t\t\t\t<\/div>\n\t\t<\/section>\n\t\t\t\t<\/div>\n\t\t","protected":false},"excerpt":{"rendered":"<p>1-Soldabilidad de aceros dis\u00edmiles 2-M\u00f3dulo en Construcci\u00f3n 3-Selecci\u00f3n de acero para herramientas 4-Acero de alto desempe\u00f1o 5-Fundiciones de hierro y su soldabilidad 6-Factores fundamentales del corte de metal 7-Tratamiento t\u00e9rmico 8-Soldabilidad de los aceros inoxidables 9-Nanotecnolog\u00eda y soldadura 10-Termorociado 11-Herramientas rotativa 12-Fen\u00f3menos de desgastes y recubrimientos protectores 13-Soldadura de aluminio 14-Seguridad industrial en procesos de<\/p>\n","protected":false},"author":1003,"featured_media":0,"parent":0,"menu_order":0,"comment_status":"closed","ping_status":"closed","template":"","meta":{"_eb_attr":"","om_disable_all_campaigns":false,"_monsterinsights_skip_tracking":false,"_monsterinsights_sitenote_active":false,"_monsterinsights_sitenote_note":"","_monsterinsights_sitenote_category":0,"footnotes":""},"class_list":["post-35","page","type-page","status-publish","hentry"],"aioseo_notices":[],"_links":{"self":[{"href":"https:\/\/institutoasteco.com\/asteco\/wp-json\/wp\/v2\/pages\/35","targetHints":{"allow":["GET"]}}],"collection":[{"href":"https:\/\/institutoasteco.com\/asteco\/wp-json\/wp\/v2\/pages"}],"about":[{"href":"https:\/\/institutoasteco.com\/asteco\/wp-json\/wp\/v2\/types\/page"}],"author":[{"embeddable":true,"href":"https:\/\/institutoasteco.com\/asteco\/wp-json\/wp\/v2\/users\/1003"}],"replies":[{"embeddable":true,"href":"https:\/\/institutoasteco.com\/asteco\/wp-json\/wp\/v2\/comments?post=35"}],"version-history":[{"count":60,"href":"https:\/\/institutoasteco.com\/asteco\/wp-json\/wp\/v2\/pages\/35\/revisions"}],"predecessor-version":[{"id":4283,"href":"https:\/\/institutoasteco.com\/asteco\/wp-json\/wp\/v2\/pages\/35\/revisions\/4283"}],"wp:attachment":[{"href":"https:\/\/institutoasteco.com\/asteco\/wp-json\/wp\/v2\/media?parent=35"}],"curies":[{"name":"wp","href":"https:\/\/api.w.org\/{rel}","templated":true}]}}