{"id":32,"date":"2016-05-16T15:34:15","date_gmt":"2016-05-16T15:34:15","guid":{"rendered":"http:\/\/institutoasteco.com\/asteco\/?page_id=32"},"modified":"2019-01-24T13:07:24","modified_gmt":"2019-01-24T13:07:24","slug":"quienes-somos","status":"publish","type":"page","link":"https:\/\/institutoasteco.com\/asteco\/quienes-somos\/","title":{"rendered":"Qui\u00e9nes somos"},"content":{"rendered":"<p style=\"text-align: justify;\">Somos el \u00e1rea de capacitaci\u00f3n de la empresa Asteco S.A., que cuenta con m\u00e1s de 70 a\u00f1os de experiencia en la industria metalmec\u00e1nica. Nuestra misi\u00f3n es ofrecer capacitaci\u00f3n a personas interesadas en los temas afines a esta industria.<br \/>\nOfrecemos cursos presenciales y cursos virtuales totalmente gratuitos con certificaci\u00f3n, fomentando el aprendizaje y convirti\u00e9ndonos en aliados de cientos de empresas a nivel local, nacional e internacional. Gracias a la oportuna asesor\u00eda y las m\u00faltiples posibilidades de aprendizaje para sus empleados y aprendices.<\/p>\n","protected":false},"excerpt":{"rendered":"<p>Somos el \u00e1rea de capacitaci\u00f3n de la empresa Asteco S.A., que cuenta con m\u00e1s de 70 a\u00f1os de experiencia en la industria metalmec\u00e1nica. Nuestra misi\u00f3n es ofrecer capacitaci\u00f3n a personas interesadas en los temas afines a esta industria. Ofrecemos cursos presenciales y cursos virtuales totalmente gratuitos con certificaci\u00f3n, fomentando el aprendizaje y convirti\u00e9ndonos en aliados<\/p>\n","protected":false},"author":1003,"featured_media":0,"parent":0,"menu_order":0,"comment_status":"closed","ping_status":"closed","template":"","meta":{"_eb_attr":"","om_disable_all_campaigns":false,"_monsterinsights_skip_tracking":false,"_monsterinsights_sitenote_active":false,"_monsterinsights_sitenote_note":"","_monsterinsights_sitenote_category":0,"footnotes":""},"class_list":["post-32","page","type-page","status-publish","hentry"],"aioseo_notices":[],"_links":{"self":[{"href":"https:\/\/institutoasteco.com\/asteco\/wp-json\/wp\/v2\/pages\/32","targetHints":{"allow":["GET"]}}],"collection":[{"href":"https:\/\/institutoasteco.com\/asteco\/wp-json\/wp\/v2\/pages"}],"about":[{"href":"https:\/\/institutoasteco.com\/asteco\/wp-json\/wp\/v2\/types\/page"}],"author":[{"embeddable":true,"href":"https:\/\/institutoasteco.com\/asteco\/wp-json\/wp\/v2\/users\/1003"}],"replies":[{"embeddable":true,"href":"https:\/\/institutoasteco.com\/asteco\/wp-json\/wp\/v2\/comments?post=32"}],"version-history":[{"count":3,"href":"https:\/\/institutoasteco.com\/asteco\/wp-json\/wp\/v2\/pages\/32\/revisions"}],"predecessor-version":[{"id":1298,"href":"https:\/\/institutoasteco.com\/asteco\/wp-json\/wp\/v2\/pages\/32\/revisions\/1298"}],"wp:attachment":[{"href":"https:\/\/institutoasteco.com\/asteco\/wp-json\/wp\/v2\/media?parent=32"}],"curies":[{"name":"wp","href":"https:\/\/api.w.org\/{rel}","templated":true}]}}